{"id":11,"date":"2015-05-05T13:12:25","date_gmt":"2015-05-05T11:12:25","guid":{"rendered":"http:\/\/derwegzudirwartung.de\/?page_id=11"},"modified":"2025-01-19T16:20:28","modified_gmt":"2025-01-19T16:20:28","slug":"home","status":"publish","type":"page","link":"https:\/\/derwegzudir.org\/","title":{"rendered":"Home"},"content":{"rendered":"<h1 class=\"h1kurz\"><span class=\"h1kurz\">Herzlich Willkommen auf Deinem Weg zu Dir<\/span><\/h1>\n<p><img loading=\"lazy\" decoding=\"async\" class=\"alignnone size-full wp-image-26\" src=\"https:\/\/derwegzudir.org\/wp-content\/uploads\/2015\/05\/deva_portrait150.jpg\" alt=\"\" width=\"150\" height=\"203\" \/><\/p>\n<p>Mit dem Finden meiner Seite sind Sie sich schon ein ganzes St\u00fcckchen n\u00e4her gekommen. Suchen Sie Unterst\u00fctzung auf Ihrem Weg aus einer schwierigen Lebenssituation, dann sind Sie bereits mit Ihrer Erkenntnis, SICH etwas Gutes tun zu wollen, auf dem besten Weg.<br \/>\nWarum kommt es zu Unzufriedenheit, Krankheit und Konflikten? Meiner Erfahrung nach, liegt es daran, dass wir viele Bed\u00fcrfnisse und W\u00fcnsche vergessen haben oder aus Angst vor Ablehnung unterdr\u00fccken. Diese machen sich mit der Zeit im Verhalten uns nahestehender Menschen, Tiere oder als k\u00f6rperliche Beschwerde bemerkbar.<\/p>\n<p>Ich begleite und unterst\u00fctze Sie mit Klarheit und Verst\u00e4ndnis auf Ihrem Weg aus beruflichen und privaten Lebenskrisen heraus, zur\u00fcck in Ihre Mitte und Kraft.<\/p>\n<p>Die Schwerpunkte meiner Arbeit liegen in der Beziehungskl\u00e4rung und \u2013gestaltung. Methoden konstruktiver Konfliktl\u00f6sung \/ Mediation sowie Bindungsanalysse und -f\u00f6rderung. Dabei nutze ich die Innere Kindarbeit, die Spiegelarbeit und den verbundenen Atem.<\/p>\n<p>Ich freue mich, Sie auf ihrem Weg zu begleiten.<\/p>\n<p>&nbsp;<\/p>\n","protected":false},"excerpt":{"rendered":"<p>Herzlich Willkommen auf Deinem Weg zu Dir Mit dem Finden meiner Seite sind Sie sich schon ein ganzes St\u00fcckchen n\u00e4her gekommen. Suchen Sie Unterst\u00fctzung auf Ihrem Weg aus einer schwierigen Lebenssituation, dann sind Sie bereits mit Ihrer Erkenntnis, SICH etwas Gutes tun zu wollen, auf dem besten Weg. Warum kommt es zu Unzufriedenheit, Krankheit und<\/p>\n<p><a href=\"https:\/\/derwegzudir.org\/\" class=\"more-link\">Weiterlesen<\/a><\/p>\n","protected":false},"author":2,"featured_media":0,"parent":0,"menu_order":0,"comment_status":"closed","ping_status":"closed","template":"template\/template-page-full-width.php","meta":{"footnotes":"","_links_to":"","_links_to_target":""},"class_list":["post-11","page","type-page","status-publish","hentry"],"yoast_head":"<!-- This site is optimized with the Yoast SEO plugin v27.1.1 - https:\/\/yoast.com\/product\/yoast-seo-wordpress\/ -->\n<title>Home - Der Weg zu Dir - Praxis von Detlef Deva Wallow<\/title>\n<meta name=\"robots\" content=\"index, follow, max-snippet:-1, max-image-preview:large, max-video-preview:-1\" \/>\n<link rel=\"canonical\" href=\"https:\/\/derwegzudir.org\/\" \/>\n<meta property=\"og:locale\" content=\"de_DE\" \/>\n<meta property=\"og:type\" content=\"article\" \/>\n<meta property=\"og:title\" content=\"Home - Der Weg zu Dir - Praxis von Detlef Deva Wallow\" \/>\n<meta property=\"og:description\" content=\"Herzlich Willkommen auf Deinem Weg zu Dir Mit dem Finden meiner Seite sind Sie sich schon ein ganzes St\u00fcckchen n\u00e4her gekommen. Suchen Sie Unterst\u00fctzung auf Ihrem Weg aus einer schwierigen Lebenssituation, dann sind Sie bereits mit Ihrer Erkenntnis, SICH etwas Gutes tun zu wollen, auf dem besten Weg. Warum kommt es zu Unzufriedenheit, Krankheit undWeiterlesen\" \/>\n<meta property=\"og:url\" content=\"https:\/\/derwegzudir.org\/\" \/>\n<meta property=\"og:site_name\" content=\"Der Weg zu Dir - Praxis von Detlef Deva Wallow\" \/>\n<meta property=\"article:modified_time\" content=\"2025-01-19T16:20:28+00:00\" \/>\n<meta property=\"og:image\" content=\"https:\/\/derwegzudir.org\/wp-content\/uploads\/2015\/05\/deva_portrait150.jpg\" \/>\n\t<meta property=\"og:image:width\" content=\"150\" \/>\n\t<meta property=\"og:image:height\" content=\"203\" \/>\n\t<meta property=\"og:image:type\" content=\"image\/jpeg\" \/>\n<meta name=\"twitter:card\" content=\"summary_large_image\" \/>\n<meta name=\"twitter:label1\" content=\"Gesch\u00e4tzte Lesezeit\" \/>\n\t<meta name=\"twitter:data1\" content=\"1\u00a0Minute\" \/>\n<script type=\"application\/ld+json\" class=\"yoast-schema-graph\">{\"@context\":\"https:\/\/schema.org\",\"@graph\":[{\"@type\":\"WebPage\",\"@id\":\"https:\/\/derwegzudir.org\/\",\"url\":\"https:\/\/derwegzudir.org\/\",\"name\":\"Home - Der Weg zu Dir - Praxis von Detlef Deva Wallow\",\"isPartOf\":{\"@id\":\"https:\/\/derwegzudir.org\/#website\"},\"primaryImageOfPage\":{\"@id\":\"https:\/\/derwegzudir.org\/#primaryimage\"},\"image\":{\"@id\":\"https:\/\/derwegzudir.org\/#primaryimage\"},\"thumbnailUrl\":\"https:\/\/derwegzudir.org\/wp-content\/uploads\/2015\/05\/deva_portrait150.jpg\",\"datePublished\":\"2015-05-05T11:12:25+00:00\",\"dateModified\":\"2025-01-19T16:20:28+00:00\",\"breadcrumb\":{\"@id\":\"https:\/\/derwegzudir.org\/#breadcrumb\"},\"inLanguage\":\"de\",\"potentialAction\":[{\"@type\":\"ReadAction\",\"target\":[\"https:\/\/derwegzudir.org\/\"]}]},{\"@type\":\"ImageObject\",\"inLanguage\":\"de\",\"@id\":\"https:\/\/derwegzudir.org\/#primaryimage\",\"url\":\"https:\/\/derwegzudir.org\/wp-content\/uploads\/2015\/05\/deva_portrait150.jpg\",\"contentUrl\":\"https:\/\/derwegzudir.org\/wp-content\/uploads\/2015\/05\/deva_portrait150.jpg\",\"width\":150,\"height\":203},{\"@type\":\"BreadcrumbList\",\"@id\":\"https:\/\/derwegzudir.org\/#breadcrumb\",\"itemListElement\":[{\"@type\":\"ListItem\",\"position\":1,\"name\":\"Startseite\",\"item\":\"https:\/\/derwegzudir.org\/\"},{\"@type\":\"ListItem\",\"position\":2,\"name\":\"Home\"}]},{\"@type\":\"WebSite\",\"@id\":\"https:\/\/derwegzudir.org\/#website\",\"url\":\"https:\/\/derwegzudir.org\/\",\"name\":\"Der Weg zu Dir - Praxis von Detlef Deva Wallow\",\"description\":\"\",\"publisher\":{\"@id\":\"https:\/\/derwegzudir.org\/#organization\"},\"potentialAction\":[{\"@type\":\"SearchAction\",\"target\":{\"@type\":\"EntryPoint\",\"urlTemplate\":\"https:\/\/derwegzudir.org\/?s={search_term_string}\"},\"query-input\":{\"@type\":\"PropertyValueSpecification\",\"valueRequired\":true,\"valueName\":\"search_term_string\"}}],\"inLanguage\":\"de\"},{\"@type\":\"Organization\",\"@id\":\"https:\/\/derwegzudir.org\/#organization\",\"name\":\"Der Weg zu Dir - Praxis von Detlef Deva Wallow\",\"url\":\"https:\/\/derwegzudir.org\/\",\"logo\":{\"@type\":\"ImageObject\",\"inLanguage\":\"de\",\"@id\":\"https:\/\/derwegzudir.org\/#\/schema\/logo\/image\/\",\"url\":\"https:\/\/derwegzudir.org\/wp-content\/uploads\/2020\/02\/cropped-3-1.png\",\"contentUrl\":\"https:\/\/derwegzudir.org\/wp-content\/uploads\/2020\/02\/cropped-3-1.png\",\"width\":210,\"height\":126,\"caption\":\"Der Weg zu Dir - Praxis von Detlef Deva Wallow\"},\"image\":{\"@id\":\"https:\/\/derwegzudir.org\/#\/schema\/logo\/image\/\"}}]}<\/script>\n<!-- \/ Yoast SEO plugin. -->","yoast_head_json":{"title":"Home - Der Weg zu Dir - Praxis von Detlef Deva Wallow","robots":{"index":"index","follow":"follow","max-snippet":"max-snippet:-1","max-image-preview":"max-image-preview:large","max-video-preview":"max-video-preview:-1"},"canonical":"https:\/\/derwegzudir.org\/","og_locale":"de_DE","og_type":"article","og_title":"Home - Der Weg zu Dir - Praxis von Detlef Deva Wallow","og_description":"Herzlich Willkommen auf Deinem Weg zu Dir Mit dem Finden meiner Seite sind Sie sich schon ein ganzes St\u00fcckchen n\u00e4her gekommen. Suchen Sie Unterst\u00fctzung auf Ihrem Weg aus einer schwierigen Lebenssituation, dann sind Sie bereits mit Ihrer Erkenntnis, SICH etwas Gutes tun zu wollen, auf dem besten Weg. Warum kommt es zu Unzufriedenheit, Krankheit undWeiterlesen","og_url":"https:\/\/derwegzudir.org\/","og_site_name":"Der Weg zu Dir - Praxis von Detlef Deva Wallow","article_modified_time":"2025-01-19T16:20:28+00:00","og_image":[{"width":150,"height":203,"url":"https:\/\/derwegzudir.org\/wp-content\/uploads\/2015\/05\/deva_portrait150.jpg","type":"image\/jpeg"}],"twitter_card":"summary_large_image","twitter_misc":{"Gesch\u00e4tzte Lesezeit":"1\u00a0Minute"},"schema":{"@context":"https:\/\/schema.org","@graph":[{"@type":"WebPage","@id":"https:\/\/derwegzudir.org\/","url":"https:\/\/derwegzudir.org\/","name":"Home - Der Weg zu Dir - Praxis von Detlef Deva Wallow","isPartOf":{"@id":"https:\/\/derwegzudir.org\/#website"},"primaryImageOfPage":{"@id":"https:\/\/derwegzudir.org\/#primaryimage"},"image":{"@id":"https:\/\/derwegzudir.org\/#primaryimage"},"thumbnailUrl":"https:\/\/derwegzudir.org\/wp-content\/uploads\/2015\/05\/deva_portrait150.jpg","datePublished":"2015-05-05T11:12:25+00:00","dateModified":"2025-01-19T16:20:28+00:00","breadcrumb":{"@id":"https:\/\/derwegzudir.org\/#breadcrumb"},"inLanguage":"de","potentialAction":[{"@type":"ReadAction","target":["https:\/\/derwegzudir.org\/"]}]},{"@type":"ImageObject","inLanguage":"de","@id":"https:\/\/derwegzudir.org\/#primaryimage","url":"https:\/\/derwegzudir.org\/wp-content\/uploads\/2015\/05\/deva_portrait150.jpg","contentUrl":"https:\/\/derwegzudir.org\/wp-content\/uploads\/2015\/05\/deva_portrait150.jpg","width":150,"height":203},{"@type":"BreadcrumbList","@id":"https:\/\/derwegzudir.org\/#breadcrumb","itemListElement":[{"@type":"ListItem","position":1,"name":"Startseite","item":"https:\/\/derwegzudir.org\/"},{"@type":"ListItem","position":2,"name":"Home"}]},{"@type":"WebSite","@id":"https:\/\/derwegzudir.org\/#website","url":"https:\/\/derwegzudir.org\/","name":"Der Weg zu Dir - Praxis von Detlef Deva Wallow","description":"","publisher":{"@id":"https:\/\/derwegzudir.org\/#organization"},"potentialAction":[{"@type":"SearchAction","target":{"@type":"EntryPoint","urlTemplate":"https:\/\/derwegzudir.org\/?s={search_term_string}"},"query-input":{"@type":"PropertyValueSpecification","valueRequired":true,"valueName":"search_term_string"}}],"inLanguage":"de"},{"@type":"Organization","@id":"https:\/\/derwegzudir.org\/#organization","name":"Der Weg zu Dir - Praxis von Detlef Deva Wallow","url":"https:\/\/derwegzudir.org\/","logo":{"@type":"ImageObject","inLanguage":"de","@id":"https:\/\/derwegzudir.org\/#\/schema\/logo\/image\/","url":"https:\/\/derwegzudir.org\/wp-content\/uploads\/2020\/02\/cropped-3-1.png","contentUrl":"https:\/\/derwegzudir.org\/wp-content\/uploads\/2020\/02\/cropped-3-1.png","width":210,"height":126,"caption":"Der Weg zu Dir - Praxis von Detlef Deva Wallow"},"image":{"@id":"https:\/\/derwegzudir.org\/#\/schema\/logo\/image\/"}}]}},"_links":{"self":[{"href":"https:\/\/derwegzudir.org\/index.php\/wp-json\/wp\/v2\/pages\/11","targetHints":{"allow":["GET"]}}],"collection":[{"href":"https:\/\/derwegzudir.org\/index.php\/wp-json\/wp\/v2\/pages"}],"about":[{"href":"https:\/\/derwegzudir.org\/index.php\/wp-json\/wp\/v2\/types\/page"}],"author":[{"embeddable":true,"href":"https:\/\/derwegzudir.org\/index.php\/wp-json\/wp\/v2\/users\/2"}],"replies":[{"embeddable":true,"href":"https:\/\/derwegzudir.org\/index.php\/wp-json\/wp\/v2\/comments?post=11"}],"version-history":[{"count":15,"href":"https:\/\/derwegzudir.org\/index.php\/wp-json\/wp\/v2\/pages\/11\/revisions"}],"predecessor-version":[{"id":529,"href":"https:\/\/derwegzudir.org\/index.php\/wp-json\/wp\/v2\/pages\/11\/revisions\/529"}],"wp:attachment":[{"href":"https:\/\/derwegzudir.org\/index.php\/wp-json\/wp\/v2\/media?parent=11"}],"curies":[{"name":"wp","href":"https:\/\/api.w.org\/{rel}","templated":true}]}}