{"id":25,"date":"2015-05-05T13:20:08","date_gmt":"2015-05-05T11:20:08","guid":{"rendered":"http:\/\/derwegzudirwartung.de\/?page_id=25"},"modified":"2015-05-05T13:20:08","modified_gmt":"2015-05-05T11:20:08","slug":"the-journey","status":"publish","type":"page","link":"https:\/\/derwegzudir.org\/index.php\/therapie\/the-journey\/","title":{"rendered":"The Journey"},"content":{"rendered":"<p>Wir alle kennen das Fl\u00fcstern unserer eigenen inneren Stimme, unserer Quelle! Doch oft k\u00f6nnen wir nicht auf sie h\u00f6ren, da wir uns immer wieder in Gef\u00fchlen wie \u00c4rger, Angst, Wut, Schmerz, Trauer bis hin zu Depressionen verstricken.<\/p>\n<p>&#8222;The Journey&#8220; entwickelt von Brandon Bays, ist eine Selbstentdeckungsreise, bei der wir uns von unserer K\u00f6rperweisheit f\u00fchren lassen, um an Schichten zu gelangen, die dem Tagesbewusstsein verborgen sind. Wir dringen zum Ursprung unserer Gef\u00fchle vor, decken dabei unverarbeitete Erlebnisse auf und geben uns damit die Chance. uns selbst von unseren emotionalen und k\u00f6rperlichen Blockaden zu befreien.<\/p>\n<p>Diese Befreiung von altem Ballast erlaubt es uns, unser wahres Wesen zu erkennen und unser wahres Potenzial freizusetzen und zu leben.<\/p>\n","protected":false},"excerpt":{"rendered":"<p>Wir alle kennen das Fl\u00fcstern unserer eigenen inneren Stimme, unserer Quelle! Doch oft k\u00f6nnen wir nicht auf sie h\u00f6ren, da wir uns immer wieder in Gef\u00fchlen wie \u00c4rger, Angst, Wut, Schmerz, Trauer bis hin zu Depressionen verstricken. &#8222;The Journey&#8220; entwickelt von Brandon Bays, ist eine Selbstentdeckungsreise, bei der wir uns von unserer K\u00f6rperweisheit f\u00fchren lassen,<\/p>\n<p><a href=\"https:\/\/derwegzudir.org\/index.php\/therapie\/the-journey\/\" class=\"more-link\">Weiterlesen<\/a><\/p>\n","protected":false},"author":2,"featured_media":0,"parent":13,"menu_order":0,"comment_status":"open","ping_status":"closed","template":"","meta":{"footnotes":"","_links_to":"","_links_to_target":""},"class_list":["post-25","page","type-page","status-publish","hentry"],"yoast_head":"<!-- This site is optimized with the Yoast SEO plugin v27.1.1 - https:\/\/yoast.com\/product\/yoast-seo-wordpress\/ -->\n<title>The Journey - Der Weg zu Dir - Praxis von Detlef Deva Wallow<\/title>\n<meta name=\"robots\" content=\"index, follow, max-snippet:-1, max-image-preview:large, max-video-preview:-1\" \/>\n<link rel=\"canonical\" href=\"https:\/\/derwegzudir.org\/index.php\/therapie\/the-journey\/\" \/>\n<meta property=\"og:locale\" content=\"de_DE\" \/>\n<meta property=\"og:type\" content=\"article\" \/>\n<meta property=\"og:title\" content=\"The Journey - Der Weg zu Dir - Praxis von Detlef Deva Wallow\" \/>\n<meta property=\"og:description\" content=\"Wir alle kennen das Fl\u00fcstern unserer eigenen inneren Stimme, unserer Quelle! Doch oft k\u00f6nnen wir nicht auf sie h\u00f6ren, da wir uns immer wieder in Gef\u00fchlen wie \u00c4rger, Angst, Wut, Schmerz, Trauer bis hin zu Depressionen verstricken. &#8222;The Journey&#8220; entwickelt von Brandon Bays, ist eine Selbstentdeckungsreise, bei der wir uns von unserer K\u00f6rperweisheit f\u00fchren lassen,Weiterlesen\" \/>\n<meta property=\"og:url\" content=\"https:\/\/derwegzudir.org\/index.php\/therapie\/the-journey\/\" \/>\n<meta property=\"og:site_name\" content=\"Der Weg zu Dir - Praxis von Detlef Deva Wallow\" \/>\n<meta name=\"twitter:card\" content=\"summary_large_image\" \/>\n<meta name=\"twitter:label1\" content=\"Gesch\u00e4tzte Lesezeit\" \/>\n\t<meta name=\"twitter:data1\" content=\"1\u00a0Minute\" \/>\n<script type=\"application\/ld+json\" class=\"yoast-schema-graph\">{\"@context\":\"https:\/\/schema.org\",\"@graph\":[{\"@type\":\"WebPage\",\"@id\":\"https:\/\/derwegzudir.org\/index.php\/therapie\/the-journey\/\",\"url\":\"https:\/\/derwegzudir.org\/index.php\/therapie\/the-journey\/\",\"name\":\"The Journey - Der Weg zu Dir - Praxis von Detlef Deva Wallow\",\"isPartOf\":{\"@id\":\"https:\/\/derwegzudir.org\/#website\"},\"datePublished\":\"2015-05-05T11:20:08+00:00\",\"breadcrumb\":{\"@id\":\"https:\/\/derwegzudir.org\/index.php\/therapie\/the-journey\/#breadcrumb\"},\"inLanguage\":\"de\",\"potentialAction\":[{\"@type\":\"ReadAction\",\"target\":[\"https:\/\/derwegzudir.org\/index.php\/therapie\/the-journey\/\"]}]},{\"@type\":\"BreadcrumbList\",\"@id\":\"https:\/\/derwegzudir.org\/index.php\/therapie\/the-journey\/#breadcrumb\",\"itemListElement\":[{\"@type\":\"ListItem\",\"position\":1,\"name\":\"Startseite\",\"item\":\"https:\/\/derwegzudir.org\/\"},{\"@type\":\"ListItem\",\"position\":2,\"name\":\"Psychologische Beratung\",\"item\":\"https:\/\/derwegzudir.org\/index.php\/therapie\/\"},{\"@type\":\"ListItem\",\"position\":3,\"name\":\"The Journey\"}]},{\"@type\":\"WebSite\",\"@id\":\"https:\/\/derwegzudir.org\/#website\",\"url\":\"https:\/\/derwegzudir.org\/\",\"name\":\"Der Weg zu Dir - Praxis von Detlef Deva Wallow\",\"description\":\"\",\"publisher\":{\"@id\":\"https:\/\/derwegzudir.org\/#organization\"},\"potentialAction\":[{\"@type\":\"SearchAction\",\"target\":{\"@type\":\"EntryPoint\",\"urlTemplate\":\"https:\/\/derwegzudir.org\/?s={search_term_string}\"},\"query-input\":{\"@type\":\"PropertyValueSpecification\",\"valueRequired\":true,\"valueName\":\"search_term_string\"}}],\"inLanguage\":\"de\"},{\"@type\":\"Organization\",\"@id\":\"https:\/\/derwegzudir.org\/#organization\",\"name\":\"Der Weg zu Dir - Praxis von Detlef Deva Wallow\",\"url\":\"https:\/\/derwegzudir.org\/\",\"logo\":{\"@type\":\"ImageObject\",\"inLanguage\":\"de\",\"@id\":\"https:\/\/derwegzudir.org\/#\/schema\/logo\/image\/\",\"url\":\"https:\/\/derwegzudir.org\/wp-content\/uploads\/2020\/02\/cropped-3-1.png\",\"contentUrl\":\"https:\/\/derwegzudir.org\/wp-content\/uploads\/2020\/02\/cropped-3-1.png\",\"width\":210,\"height\":126,\"caption\":\"Der Weg zu Dir - Praxis von Detlef Deva Wallow\"},\"image\":{\"@id\":\"https:\/\/derwegzudir.org\/#\/schema\/logo\/image\/\"}}]}<\/script>\n<!-- \/ Yoast SEO plugin. -->","yoast_head_json":{"title":"The Journey - Der Weg zu Dir - Praxis von Detlef Deva Wallow","robots":{"index":"index","follow":"follow","max-snippet":"max-snippet:-1","max-image-preview":"max-image-preview:large","max-video-preview":"max-video-preview:-1"},"canonical":"https:\/\/derwegzudir.org\/index.php\/therapie\/the-journey\/","og_locale":"de_DE","og_type":"article","og_title":"The Journey - Der Weg zu Dir - Praxis von Detlef Deva Wallow","og_description":"Wir alle kennen das Fl\u00fcstern unserer eigenen inneren Stimme, unserer Quelle! Doch oft k\u00f6nnen wir nicht auf sie h\u00f6ren, da wir uns immer wieder in Gef\u00fchlen wie \u00c4rger, Angst, Wut, Schmerz, Trauer bis hin zu Depressionen verstricken. &#8222;The Journey&#8220; entwickelt von Brandon Bays, ist eine Selbstentdeckungsreise, bei der wir uns von unserer K\u00f6rperweisheit f\u00fchren lassen,Weiterlesen","og_url":"https:\/\/derwegzudir.org\/index.php\/therapie\/the-journey\/","og_site_name":"Der Weg zu Dir - Praxis von Detlef Deva Wallow","twitter_card":"summary_large_image","twitter_misc":{"Gesch\u00e4tzte Lesezeit":"1\u00a0Minute"},"schema":{"@context":"https:\/\/schema.org","@graph":[{"@type":"WebPage","@id":"https:\/\/derwegzudir.org\/index.php\/therapie\/the-journey\/","url":"https:\/\/derwegzudir.org\/index.php\/therapie\/the-journey\/","name":"The Journey - Der Weg zu Dir - Praxis von Detlef Deva Wallow","isPartOf":{"@id":"https:\/\/derwegzudir.org\/#website"},"datePublished":"2015-05-05T11:20:08+00:00","breadcrumb":{"@id":"https:\/\/derwegzudir.org\/index.php\/therapie\/the-journey\/#breadcrumb"},"inLanguage":"de","potentialAction":[{"@type":"ReadAction","target":["https:\/\/derwegzudir.org\/index.php\/therapie\/the-journey\/"]}]},{"@type":"BreadcrumbList","@id":"https:\/\/derwegzudir.org\/index.php\/therapie\/the-journey\/#breadcrumb","itemListElement":[{"@type":"ListItem","position":1,"name":"Startseite","item":"https:\/\/derwegzudir.org\/"},{"@type":"ListItem","position":2,"name":"Psychologische Beratung","item":"https:\/\/derwegzudir.org\/index.php\/therapie\/"},{"@type":"ListItem","position":3,"name":"The Journey"}]},{"@type":"WebSite","@id":"https:\/\/derwegzudir.org\/#website","url":"https:\/\/derwegzudir.org\/","name":"Der Weg zu Dir - Praxis von Detlef Deva Wallow","description":"","publisher":{"@id":"https:\/\/derwegzudir.org\/#organization"},"potentialAction":[{"@type":"SearchAction","target":{"@type":"EntryPoint","urlTemplate":"https:\/\/derwegzudir.org\/?s={search_term_string}"},"query-input":{"@type":"PropertyValueSpecification","valueRequired":true,"valueName":"search_term_string"}}],"inLanguage":"de"},{"@type":"Organization","@id":"https:\/\/derwegzudir.org\/#organization","name":"Der Weg zu Dir - Praxis von Detlef Deva Wallow","url":"https:\/\/derwegzudir.org\/","logo":{"@type":"ImageObject","inLanguage":"de","@id":"https:\/\/derwegzudir.org\/#\/schema\/logo\/image\/","url":"https:\/\/derwegzudir.org\/wp-content\/uploads\/2020\/02\/cropped-3-1.png","contentUrl":"https:\/\/derwegzudir.org\/wp-content\/uploads\/2020\/02\/cropped-3-1.png","width":210,"height":126,"caption":"Der Weg zu Dir - Praxis von Detlef Deva Wallow"},"image":{"@id":"https:\/\/derwegzudir.org\/#\/schema\/logo\/image\/"}}]}},"_links":{"self":[{"href":"https:\/\/derwegzudir.org\/index.php\/wp-json\/wp\/v2\/pages\/25","targetHints":{"allow":["GET"]}}],"collection":[{"href":"https:\/\/derwegzudir.org\/index.php\/wp-json\/wp\/v2\/pages"}],"about":[{"href":"https:\/\/derwegzudir.org\/index.php\/wp-json\/wp\/v2\/types\/page"}],"author":[{"embeddable":true,"href":"https:\/\/derwegzudir.org\/index.php\/wp-json\/wp\/v2\/users\/2"}],"replies":[{"embeddable":true,"href":"https:\/\/derwegzudir.org\/index.php\/wp-json\/wp\/v2\/comments?post=25"}],"version-history":[{"count":0,"href":"https:\/\/derwegzudir.org\/index.php\/wp-json\/wp\/v2\/pages\/25\/revisions"}],"up":[{"embeddable":true,"href":"https:\/\/derwegzudir.org\/index.php\/wp-json\/wp\/v2\/pages\/13"}],"wp:attachment":[{"href":"https:\/\/derwegzudir.org\/index.php\/wp-json\/wp\/v2\/media?parent=25"}],"curies":[{"name":"wp","href":"https:\/\/api.w.org\/{rel}","templated":true}]}}