{"id":36,"date":"2015-05-05T13:24:28","date_gmt":"2015-05-05T11:24:28","guid":{"rendered":"http:\/\/derwegzudirwartung.de\/?page_id=36"},"modified":"2020-07-20T07:53:34","modified_gmt":"2020-07-20T07:53:34","slug":"paar-familienberatung","status":"publish","type":"page","link":"https:\/\/derwegzudir.org\/index.php\/paar-familienberatung\/","title":{"rendered":"Paar- &#038; Familienberatung"},"content":{"rendered":"<h2>Partnerschaft<\/h2>\n<p>Jeder, der mal eine l\u00e4ngere Beziehung eingegangen ist, wei\u00df wie viel Schmerz und Trauer, mit Streit und Trennungen verbunden sein k\u00f6nnen.<br \/>\nDabei wandelt sich jede Liebe im Laufe der Jahre und wird herausgefordert, durch die sich ver\u00e4nderten Lebensumst\u00e4nde, wie:<\/p>\n<ul type=\"disc\">\n<li>die Geburt des ersten Kindes<\/li>\n<li>beruflicher Wechsel, Arbeitslosigkeit<\/li>\n<li>Krankheit des Partners<\/li>\n<li>Auszug der erwachsenen Kinder<\/li>\n<li>die Wechseljahre der Frau<\/li>\n<li>die Betreuung der Eltern.<\/li>\n<\/ul>\n<p>Ich unterst\u00fctze Sie in Einzel- und Paargespr\u00e4chen<\/p>\n<ul type=\"disc\">\n<li>Wege aus der Sprachlosigkeit zu finden<\/li>\n<li>Ihre Gef\u00fchle und Bed\u00fcrfnisse wahrzunehmen und mitzuteilen<\/li>\n<li>Verst\u00e4ndnis f\u00fcr das Anderssein Ihres Partners zu entwickeln<\/li>\n<li>die versch\u00fcttet geglaubte Liebe wieder zu entdecken und<\/li>\n<li>die Verantwortung f\u00fcr Ihr Gl\u00fcck und Ihr Leben zu \u00fcbernehmen.<\/li>\n<\/ul>\n<p>Krisen bedeuten nicht das Ende einer Ehe oder einer Beziehung, sondern sie sind Anhaltspunkte f\u00fcr eine Wende und eine Aufforderung zu wachsen.<\/p>\n<h2>Kinderwunsch<\/h2>\n<p>Sehr h\u00e4ufig wird ein unerf\u00fcllter Kinderwunsch auf k\u00f6rperliche Defizite zur\u00fcckgef\u00fchrt, Dabei spielt die Psyche der Paare einen nicht zu vernachl\u00e4ssigenden Einfluss. Vor allem Beziehungsstress und unterdr\u00fcckte Bed\u00fcrfnisse haben einen gro\u00dfen Einfluss auf die Produktion der Stresshormone Adrenalin und Cortisol. Diese hemmen die Produktion des Sexualhormons \u00d6strogen.<\/p>\n<p>Ich begleite und unterst\u00fctze Paare bei der Aufl\u00f6sung ihrer vielf\u00e4ltigen Stresseinfl\u00fcsse. Mehr Informationen finden sie in meinem <a href=\"https:\/\/www.babytalk.world\/kinderwunsch-und-der-einfluss-unserer-psyche\/\">Beitrag<\/a> auf Babytalk.world.<\/p>\n<h2>Mediation bzw. Trennungsbegleitung<\/h2>\n<p>Manchmal kann das Ergebnis auch die Erkenntnis sein, dass die Beziehung wirklich vorbei ist und es f\u00fcr alle Beteiligten sinnvoll ist, sich \u201e in Frieden zu Trennen \u201c. Hier kann es sein, dass eine Paarberatung sich zu einer Trennungsberatung wandelt.<\/p>\n<p>Wenn dies gelingt, sich in Achtung und W\u00fcrde aus der Beziehung zu l\u00f6sen, in die Eigenverantwortung f\u00fcr das eigene Handeln zu gehen, wird gleichsam die Basis geschaffen f\u00fcr einen weiterhin achtsamen Umgang mit dem ehemaligen Partner.<\/p>\n<p>F\u00fcr die gemeinsamen Kinder ist es entlastend zu sehen, dass beide Elternteile noch immer f\u00fcr sie da sind, auch wenn Sie als Paar getrennt sind.<\/p>\n<h3>Kosten der Scheidung minimieren<\/h3>\n<p>Die Kosten der Scheidungsanw\u00e4lte werden dadurch deutlich gesenkt und manchmal ist es sogar m\u00f6glich, in einem konstruktiven Prozess die Scheidung, die ja auch oft materielle Konsequenzen hat, vorzubereiten und diese dann nur durch einen gemeinsamen Rechtsanwalt abzuwickeln. Der oft stattfindende Rosenkrieg wird vermieden, zum Vorteil aller, besonders der gemeinsamen Kinder.<\/p>\n<p>Es ist verst\u00e4ndlich, dass Rechtsanw\u00e4lte dem jeweiligen Klienten oft Hoffnung machen, ja manchmal auch sehr unrealistische Vorstellungen erzeugen, dass er oder sie \u00fcber den gerichtlichen Prozess Recht bekommt.<\/p>\n<p>Die Realit\u00e4t mit zeitlich \u00fcberforderten Familienrichtern zeigt eine ganz andere Realit\u00e4t. Die Kosten einer so genannten normalen Trennung\/Scheidung sind immens.<\/p>\n<h3>Friedvolle Trennung<\/h3>\n<p>Unter einer &#8222;friedvollen Trennung&#8220; verstehe ich eine Losl\u00f6sung, in welcher beide Seiten auf ihren eigenen Anteil des Scheiterns der Beziehung schauen und bewusst auf Schuldzuweisungen verzichten, die gemeinsame Zeit w\u00fcrdigen und probieren auch auf der materiellen Seite einen Konsens zu finden. Wenn beide Seiten sich gut f\u00fchlen und keiner das Gef\u00fchl der \u00dcberlegenheit bzw. Unterlegenheit hat, dann ist es eine &#8222;gute bzw. friedvolle Trennung&#8220;.<\/p>\n<p>Auf der Ebene der pers\u00f6nlichen Beziehungsf\u00e4higkeit wird durch solche eine Trennung die Basis f\u00fcr einen guten Anfang in einer neuen Beziehung geschaffen.<\/p>\n<p>Ohne diese Selbstreflexion passiert es, dass sich die Beteiligten in ihrer neuen Partnerschaft nach einiger Zeit in \u00e4hnlichen Problemen, wie in der letzten Beziehung wiederfinden.<\/p>\n<p>Die gleichen Fehler wiederholen sich, die gleichen &#8222;unbewussten Muster&#8220; wirken. Nur die Schauspieler, die Kulissen des Lebens haben sich ver\u00e4ndert, das unerledigte Muster bleibt.<\/p>\n<p>Es gibt eben keinen Automatismus, dass beim n\u00e4chsten Mann \/ Frau alles besser wird.<\/p>\n<h2>Familien und Kinder<\/h2>\n<p>Jeder der Kinder hat, kennt Situationen, wo man bzw. frau sich vollkommen hilflos f\u00fchlt. In diesen Momenten spiegeln uns unsere Kinder und dr\u00fccken Schalter, die verdr\u00e4ngte oder vergessene Gef\u00fchle aus alten Verletzungen hochbringen.<\/p>\n<p>Ich unterst\u00fctze Sie beim Aufdecken und &#8222;heilen&#8220; dieser Verletzungen, so dass Ihr Kind von der Aufgabe Ihnen diese bewusst zu machen, befreit wird. Und Sie werden erfahren, wie Sie sich in solchen Momenten angemessen verhalten und wie Sie daraus reifen k\u00f6nnen.<\/p>\n<ul type=\"disc\">\n<li>Wenn Sie Fragen zur Erziehung haben,<\/li>\n<li>wenn es Konflikte in der Familie gibt,<\/li>\n<li>wenn Kinder Probleme in der Schule haben,<\/li>\n<li>oder Sie sich Sorgen um sich oder Ihre Kinder machen,<\/li>\n<\/ul>\n<p>vereinbaren sie ein unverbindliches Vorgespr\u00e4ch.<\/p>\n<p>Viele unserer Verletzungen sind von Generation zu Generation weiter &#8222;vererbt&#8220; worden. Alle Themen, die wir &#8222;heilen&#8220; bzw. aufarbeiten, brauchen unsere Kinder nicht mehr tragen!<\/p>\n","protected":false},"excerpt":{"rendered":"<p>Partnerschaft Jeder, der mal eine l\u00e4ngere Beziehung eingegangen ist, wei\u00df wie viel Schmerz und Trauer, mit Streit und Trennungen verbunden sein k\u00f6nnen. Dabei wandelt sich jede Liebe im Laufe der Jahre und wird herausgefordert, durch die sich ver\u00e4nderten Lebensumst\u00e4nde, wie: die Geburt des ersten Kindes beruflicher Wechsel, Arbeitslosigkeit Krankheit des Partners Auszug der erwachsenen Kinder<\/p>\n<p><a href=\"https:\/\/derwegzudir.org\/index.php\/paar-familienberatung\/\" class=\"more-link\">Weiterlesen<\/a><\/p>\n","protected":false},"author":2,"featured_media":0,"parent":0,"menu_order":0,"comment_status":"closed","ping_status":"closed","template":"","meta":{"footnotes":"","_links_to":"","_links_to_target":""},"class_list":["post-36","page","type-page","status-publish","hentry"],"yoast_head":"<!-- This site is optimized with the Yoast SEO plugin v27.1.1 - https:\/\/yoast.com\/product\/yoast-seo-wordpress\/ -->\n<title>Paar- &amp; Familienberatung, Kinderwunsch und Trennungen<\/title>\n<meta name=\"description\" content=\"Paar- und Familienberatung - Alle Themen, die wir &quot;heilen&quot; bzw. aufarbeiten, brauchen unsere Kinder nicht mehr auszuleben!\" \/>\n<meta name=\"robots\" content=\"index, follow, max-snippet:-1, max-image-preview:large, max-video-preview:-1\" \/>\n<link rel=\"canonical\" href=\"https:\/\/derwegzudir.org\/index.php\/paar-familienberatung\/\" \/>\n<meta property=\"og:locale\" content=\"de_DE\" \/>\n<meta property=\"og:type\" content=\"article\" \/>\n<meta property=\"og:title\" content=\"Paar- &amp; Familienberatung, Kinderwunsch und Trennungen\" \/>\n<meta property=\"og:description\" content=\"Paar- und Familienberatung - Alle Themen, die wir &quot;heilen&quot; bzw. aufarbeiten, brauchen unsere Kinder nicht mehr auszuleben!\" \/>\n<meta property=\"og:url\" content=\"https:\/\/derwegzudir.org\/index.php\/paar-familienberatung\/\" \/>\n<meta property=\"og:site_name\" content=\"Der Weg zu Dir - Praxis von Detlef Deva Wallow\" \/>\n<meta property=\"article:modified_time\" content=\"2020-07-20T07:53:34+00:00\" \/>\n<meta name=\"twitter:card\" content=\"summary_large_image\" \/>\n<meta name=\"twitter:label1\" content=\"Gesch\u00e4tzte Lesezeit\" \/>\n\t<meta name=\"twitter:data1\" content=\"4\u00a0Minuten\" \/>\n<script type=\"application\/ld+json\" class=\"yoast-schema-graph\">{\"@context\":\"https:\/\/schema.org\",\"@graph\":[{\"@type\":\"WebPage\",\"@id\":\"https:\/\/derwegzudir.org\/index.php\/paar-familienberatung\/\",\"url\":\"https:\/\/derwegzudir.org\/index.php\/paar-familienberatung\/\",\"name\":\"Paar- & Familienberatung, Kinderwunsch und Trennungen\",\"isPartOf\":{\"@id\":\"https:\/\/derwegzudir.org\/#website\"},\"datePublished\":\"2015-05-05T11:24:28+00:00\",\"dateModified\":\"2020-07-20T07:53:34+00:00\",\"description\":\"Paar- und Familienberatung - Alle Themen, die wir \\\"heilen\\\" bzw. aufarbeiten, brauchen unsere Kinder nicht mehr auszuleben!\",\"breadcrumb\":{\"@id\":\"https:\/\/derwegzudir.org\/index.php\/paar-familienberatung\/#breadcrumb\"},\"inLanguage\":\"de\",\"potentialAction\":[{\"@type\":\"ReadAction\",\"target\":[\"https:\/\/derwegzudir.org\/index.php\/paar-familienberatung\/\"]}]},{\"@type\":\"BreadcrumbList\",\"@id\":\"https:\/\/derwegzudir.org\/index.php\/paar-familienberatung\/#breadcrumb\",\"itemListElement\":[{\"@type\":\"ListItem\",\"position\":1,\"name\":\"Startseite\",\"item\":\"https:\/\/derwegzudir.org\/\"},{\"@type\":\"ListItem\",\"position\":2,\"name\":\"Paar- &#038; Familienberatung\"}]},{\"@type\":\"WebSite\",\"@id\":\"https:\/\/derwegzudir.org\/#website\",\"url\":\"https:\/\/derwegzudir.org\/\",\"name\":\"Der Weg zu Dir - Praxis von Detlef Deva Wallow\",\"description\":\"\",\"publisher\":{\"@id\":\"https:\/\/derwegzudir.org\/#organization\"},\"potentialAction\":[{\"@type\":\"SearchAction\",\"target\":{\"@type\":\"EntryPoint\",\"urlTemplate\":\"https:\/\/derwegzudir.org\/?s={search_term_string}\"},\"query-input\":{\"@type\":\"PropertyValueSpecification\",\"valueRequired\":true,\"valueName\":\"search_term_string\"}}],\"inLanguage\":\"de\"},{\"@type\":\"Organization\",\"@id\":\"https:\/\/derwegzudir.org\/#organization\",\"name\":\"Der Weg zu Dir - Praxis von Detlef Deva Wallow\",\"url\":\"https:\/\/derwegzudir.org\/\",\"logo\":{\"@type\":\"ImageObject\",\"inLanguage\":\"de\",\"@id\":\"https:\/\/derwegzudir.org\/#\/schema\/logo\/image\/\",\"url\":\"https:\/\/derwegzudir.org\/wp-content\/uploads\/2020\/02\/cropped-3-1.png\",\"contentUrl\":\"https:\/\/derwegzudir.org\/wp-content\/uploads\/2020\/02\/cropped-3-1.png\",\"width\":210,\"height\":126,\"caption\":\"Der Weg zu Dir - Praxis von Detlef Deva Wallow\"},\"image\":{\"@id\":\"https:\/\/derwegzudir.org\/#\/schema\/logo\/image\/\"}}]}<\/script>\n<!-- \/ Yoast SEO plugin. -->","yoast_head_json":{"title":"Paar- & Familienberatung, Kinderwunsch und Trennungen","description":"Paar- und Familienberatung - Alle Themen, die wir \"heilen\" bzw. aufarbeiten, brauchen unsere Kinder nicht mehr auszuleben!","robots":{"index":"index","follow":"follow","max-snippet":"max-snippet:-1","max-image-preview":"max-image-preview:large","max-video-preview":"max-video-preview:-1"},"canonical":"https:\/\/derwegzudir.org\/index.php\/paar-familienberatung\/","og_locale":"de_DE","og_type":"article","og_title":"Paar- & Familienberatung, Kinderwunsch und Trennungen","og_description":"Paar- und Familienberatung - Alle Themen, die wir \"heilen\" bzw. aufarbeiten, brauchen unsere Kinder nicht mehr auszuleben!","og_url":"https:\/\/derwegzudir.org\/index.php\/paar-familienberatung\/","og_site_name":"Der Weg zu Dir - Praxis von Detlef Deva Wallow","article_modified_time":"2020-07-20T07:53:34+00:00","twitter_card":"summary_large_image","twitter_misc":{"Gesch\u00e4tzte Lesezeit":"4\u00a0Minuten"},"schema":{"@context":"https:\/\/schema.org","@graph":[{"@type":"WebPage","@id":"https:\/\/derwegzudir.org\/index.php\/paar-familienberatung\/","url":"https:\/\/derwegzudir.org\/index.php\/paar-familienberatung\/","name":"Paar- & Familienberatung, Kinderwunsch und Trennungen","isPartOf":{"@id":"https:\/\/derwegzudir.org\/#website"},"datePublished":"2015-05-05T11:24:28+00:00","dateModified":"2020-07-20T07:53:34+00:00","description":"Paar- und Familienberatung - Alle Themen, die wir \"heilen\" bzw. aufarbeiten, brauchen unsere Kinder nicht mehr auszuleben!","breadcrumb":{"@id":"https:\/\/derwegzudir.org\/index.php\/paar-familienberatung\/#breadcrumb"},"inLanguage":"de","potentialAction":[{"@type":"ReadAction","target":["https:\/\/derwegzudir.org\/index.php\/paar-familienberatung\/"]}]},{"@type":"BreadcrumbList","@id":"https:\/\/derwegzudir.org\/index.php\/paar-familienberatung\/#breadcrumb","itemListElement":[{"@type":"ListItem","position":1,"name":"Startseite","item":"https:\/\/derwegzudir.org\/"},{"@type":"ListItem","position":2,"name":"Paar- &#038; Familienberatung"}]},{"@type":"WebSite","@id":"https:\/\/derwegzudir.org\/#website","url":"https:\/\/derwegzudir.org\/","name":"Der Weg zu Dir - Praxis von Detlef Deva Wallow","description":"","publisher":{"@id":"https:\/\/derwegzudir.org\/#organization"},"potentialAction":[{"@type":"SearchAction","target":{"@type":"EntryPoint","urlTemplate":"https:\/\/derwegzudir.org\/?s={search_term_string}"},"query-input":{"@type":"PropertyValueSpecification","valueRequired":true,"valueName":"search_term_string"}}],"inLanguage":"de"},{"@type":"Organization","@id":"https:\/\/derwegzudir.org\/#organization","name":"Der Weg zu Dir - Praxis von Detlef Deva Wallow","url":"https:\/\/derwegzudir.org\/","logo":{"@type":"ImageObject","inLanguage":"de","@id":"https:\/\/derwegzudir.org\/#\/schema\/logo\/image\/","url":"https:\/\/derwegzudir.org\/wp-content\/uploads\/2020\/02\/cropped-3-1.png","contentUrl":"https:\/\/derwegzudir.org\/wp-content\/uploads\/2020\/02\/cropped-3-1.png","width":210,"height":126,"caption":"Der Weg zu Dir - Praxis von Detlef Deva Wallow"},"image":{"@id":"https:\/\/derwegzudir.org\/#\/schema\/logo\/image\/"}}]}},"_links":{"self":[{"href":"https:\/\/derwegzudir.org\/index.php\/wp-json\/wp\/v2\/pages\/36","targetHints":{"allow":["GET"]}}],"collection":[{"href":"https:\/\/derwegzudir.org\/index.php\/wp-json\/wp\/v2\/pages"}],"about":[{"href":"https:\/\/derwegzudir.org\/index.php\/wp-json\/wp\/v2\/types\/page"}],"author":[{"embeddable":true,"href":"https:\/\/derwegzudir.org\/index.php\/wp-json\/wp\/v2\/users\/2"}],"replies":[{"embeddable":true,"href":"https:\/\/derwegzudir.org\/index.php\/wp-json\/wp\/v2\/comments?post=36"}],"version-history":[{"count":8,"href":"https:\/\/derwegzudir.org\/index.php\/wp-json\/wp\/v2\/pages\/36\/revisions"}],"predecessor-version":[{"id":451,"href":"https:\/\/derwegzudir.org\/index.php\/wp-json\/wp\/v2\/pages\/36\/revisions\/451"}],"wp:attachment":[{"href":"https:\/\/derwegzudir.org\/index.php\/wp-json\/wp\/v2\/media?parent=36"}],"curies":[{"name":"wp","href":"https:\/\/api.w.org\/{rel}","templated":true}]}}