{"id":365,"date":"2019-11-28T09:44:13","date_gmt":"2019-11-28T09:44:13","guid":{"rendered":"https:\/\/derwegzudir.org\/?page_id=365"},"modified":"2024-09-16T15:25:52","modified_gmt":"2024-09-16T15:25:52","slug":"traumatische-geburten","status":"publish","type":"page","link":"https:\/\/derwegzudir.org\/index.php\/traumatische-geburten\/","title":{"rendered":"Betrachtung von traumatischen Geburten"},"content":{"rendered":"\r\n<p>Viele M\u00fctter und Vater erfahren, dass es Ihnen nach der Geburt \u00fcber einen l\u00e4ngeren Zeitraum nicht so gut geht, wie sie gedacht h\u00e4tten. Der gesellschaftliche Mythos der allzeit gl\u00fccklichen und perfekten Eltern verst\u00e4rkt die eigene Belastung h\u00e4ufig zus\u00e4tzlich.<\/p>\r\n\r\n\r\n\r\n<p>Meist f\u00fchrt das Zusammenspiel von mehreren Faktoren zu einer psychischen Belastungsreaktion. Wenn nach den Tagen der m\u00f6glichen Wochenbettdepression wiederholt folgende Merkmale auftauchen:<\/p>\r\n\r\n\r\n\r\n<ul class=\"wp-block-list\">\r\n<li>Traurigkeit und h\u00e4ufiges Weinen<\/li>\r\n<li>Schuldgef\u00fchle<\/li>\r\n<li>M\u00fcdigkeit, Ersch\u00f6pfung und Energiemangel<\/li>\r\n<li>Inneres Leeregef\u00fchl<\/li>\r\n<li>\u00c4ngste, extreme Reizbarkeit, Panikattacken<\/li>\r\n<\/ul>\r\n\r\n\r\n\r\n<p>Wenn sie die Geburt als traumatisch in Erinnerung behalten haben oder belastende Geburtserfahrungen noch lange \u201enachh\u00e4ngen\u201c k\u00f6nnen Gespr\u00e4che und nachtr\u00e4gliche Betrachtungen Entlastung bringen. Gemeinsam mit meiner Frau, die Hebamme ist, kann ich dabei helfen, erste Klarheit nach schweren Geburten zu erlangen.\u00a0<br \/>Ich biete M\u00fcttern und V\u00e4tern Unterst\u00fctzung durch Gespr\u00e4ch und die Arbeit des verbundenen Atems an und helfe dabei, die richtigen Fachpersonen mit ins Boot zu holen.<\/p>\r\n<p><strong>Link:<\/strong><\/p>\r\n\r\n\r\n\r\n\r\n\r\n<p><a href=\"http:\/\/www.schatten-und-licht.de\/\" target=\"_blank\" rel=\"noreferrer noopener\">www.schatten-und-licht.de<\/a><\/p>\r\n","protected":false},"excerpt":{"rendered":"<p>Viele M\u00fctter und Vater erfahren, dass es Ihnen nach der Geburt \u00fcber einen l\u00e4ngeren Zeitraum nicht so gut geht, wie sie gedacht h\u00e4tten. Der gesellschaftliche Mythos der allzeit gl\u00fccklichen und perfekten Eltern verst\u00e4rkt die eigene Belastung h\u00e4ufig zus\u00e4tzlich. Meist f\u00fchrt das Zusammenspiel von mehreren Faktoren zu einer psychischen Belastungsreaktion. Wenn nach den Tagen der m\u00f6glichen<\/p>\n<p><a href=\"https:\/\/derwegzudir.org\/index.php\/traumatische-geburten\/\" class=\"more-link\">Weiterlesen<\/a><\/p>\n","protected":false},"author":1,"featured_media":0,"parent":0,"menu_order":0,"comment_status":"closed","ping_status":"closed","template":"","meta":{"footnotes":"","_links_to":"","_links_to_target":""},"class_list":["post-365","page","type-page","status-publish","hentry"],"yoast_head":"<!-- This site is optimized with the Yoast SEO plugin v27.1.1 - https:\/\/yoast.com\/product\/yoast-seo-wordpress\/ -->\n<title>Betrachtung von traumatischen Geburten - Der Weg zu Dir - Praxis von Detlef Deva Wallow<\/title>\n<meta name=\"description\" content=\"Betrachtung und Linderung von traumatischen Geburtserfahrungen\" \/>\n<meta name=\"robots\" content=\"index, follow, max-snippet:-1, max-image-preview:large, max-video-preview:-1\" \/>\n<link rel=\"canonical\" href=\"https:\/\/derwegzudir.org\/index.php\/traumatische-geburten\/\" \/>\n<meta property=\"og:locale\" content=\"de_DE\" \/>\n<meta property=\"og:type\" content=\"article\" \/>\n<meta property=\"og:title\" content=\"Betrachtung von traumatischen Geburten - Der Weg zu Dir - Praxis von Detlef Deva Wallow\" \/>\n<meta property=\"og:description\" content=\"Betrachtung und Linderung von traumatischen Geburtserfahrungen\" \/>\n<meta property=\"og:url\" content=\"https:\/\/derwegzudir.org\/index.php\/traumatische-geburten\/\" \/>\n<meta property=\"og:site_name\" content=\"Der Weg zu Dir - Praxis von Detlef Deva Wallow\" \/>\n<meta property=\"article:modified_time\" content=\"2024-09-16T15:25:52+00:00\" \/>\n<meta name=\"twitter:card\" content=\"summary_large_image\" \/>\n<meta name=\"twitter:label1\" content=\"Gesch\u00e4tzte Lesezeit\" \/>\n\t<meta name=\"twitter:data1\" content=\"1\u00a0Minute\" \/>\n<script type=\"application\/ld+json\" class=\"yoast-schema-graph\">{\"@context\":\"https:\/\/schema.org\",\"@graph\":[{\"@type\":\"WebPage\",\"@id\":\"https:\/\/derwegzudir.org\/index.php\/traumatische-geburten\/\",\"url\":\"https:\/\/derwegzudir.org\/index.php\/traumatische-geburten\/\",\"name\":\"Betrachtung von traumatischen Geburten - Der Weg zu Dir - Praxis von Detlef Deva Wallow\",\"isPartOf\":{\"@id\":\"https:\/\/derwegzudir.org\/#website\"},\"datePublished\":\"2019-11-28T09:44:13+00:00\",\"dateModified\":\"2024-09-16T15:25:52+00:00\",\"description\":\"Betrachtung und Linderung von traumatischen Geburtserfahrungen\",\"breadcrumb\":{\"@id\":\"https:\/\/derwegzudir.org\/index.php\/traumatische-geburten\/#breadcrumb\"},\"inLanguage\":\"de\",\"potentialAction\":[{\"@type\":\"ReadAction\",\"target\":[\"https:\/\/derwegzudir.org\/index.php\/traumatische-geburten\/\"]}]},{\"@type\":\"BreadcrumbList\",\"@id\":\"https:\/\/derwegzudir.org\/index.php\/traumatische-geburten\/#breadcrumb\",\"itemListElement\":[{\"@type\":\"ListItem\",\"position\":1,\"name\":\"Startseite\",\"item\":\"https:\/\/derwegzudir.org\/\"},{\"@type\":\"ListItem\",\"position\":2,\"name\":\"Betrachtung von traumatischen Geburten\"}]},{\"@type\":\"WebSite\",\"@id\":\"https:\/\/derwegzudir.org\/#website\",\"url\":\"https:\/\/derwegzudir.org\/\",\"name\":\"Der Weg zu Dir - Praxis von Detlef Deva Wallow\",\"description\":\"\",\"publisher\":{\"@id\":\"https:\/\/derwegzudir.org\/#organization\"},\"potentialAction\":[{\"@type\":\"SearchAction\",\"target\":{\"@type\":\"EntryPoint\",\"urlTemplate\":\"https:\/\/derwegzudir.org\/?s={search_term_string}\"},\"query-input\":{\"@type\":\"PropertyValueSpecification\",\"valueRequired\":true,\"valueName\":\"search_term_string\"}}],\"inLanguage\":\"de\"},{\"@type\":\"Organization\",\"@id\":\"https:\/\/derwegzudir.org\/#organization\",\"name\":\"Der Weg zu Dir - Praxis von Detlef Deva Wallow\",\"url\":\"https:\/\/derwegzudir.org\/\",\"logo\":{\"@type\":\"ImageObject\",\"inLanguage\":\"de\",\"@id\":\"https:\/\/derwegzudir.org\/#\/schema\/logo\/image\/\",\"url\":\"https:\/\/derwegzudir.org\/wp-content\/uploads\/2020\/02\/cropped-3-1.png\",\"contentUrl\":\"https:\/\/derwegzudir.org\/wp-content\/uploads\/2020\/02\/cropped-3-1.png\",\"width\":210,\"height\":126,\"caption\":\"Der Weg zu Dir - Praxis von Detlef Deva Wallow\"},\"image\":{\"@id\":\"https:\/\/derwegzudir.org\/#\/schema\/logo\/image\/\"}}]}<\/script>\n<!-- \/ Yoast SEO plugin. -->","yoast_head_json":{"title":"Betrachtung von traumatischen Geburten - Der Weg zu Dir - Praxis von Detlef Deva Wallow","description":"Betrachtung und Linderung von traumatischen Geburtserfahrungen","robots":{"index":"index","follow":"follow","max-snippet":"max-snippet:-1","max-image-preview":"max-image-preview:large","max-video-preview":"max-video-preview:-1"},"canonical":"https:\/\/derwegzudir.org\/index.php\/traumatische-geburten\/","og_locale":"de_DE","og_type":"article","og_title":"Betrachtung von traumatischen Geburten - Der Weg zu Dir - Praxis von Detlef Deva Wallow","og_description":"Betrachtung und Linderung von traumatischen Geburtserfahrungen","og_url":"https:\/\/derwegzudir.org\/index.php\/traumatische-geburten\/","og_site_name":"Der Weg zu Dir - Praxis von Detlef Deva Wallow","article_modified_time":"2024-09-16T15:25:52+00:00","twitter_card":"summary_large_image","twitter_misc":{"Gesch\u00e4tzte Lesezeit":"1\u00a0Minute"},"schema":{"@context":"https:\/\/schema.org","@graph":[{"@type":"WebPage","@id":"https:\/\/derwegzudir.org\/index.php\/traumatische-geburten\/","url":"https:\/\/derwegzudir.org\/index.php\/traumatische-geburten\/","name":"Betrachtung von traumatischen Geburten - Der Weg zu Dir - Praxis von Detlef Deva Wallow","isPartOf":{"@id":"https:\/\/derwegzudir.org\/#website"},"datePublished":"2019-11-28T09:44:13+00:00","dateModified":"2024-09-16T15:25:52+00:00","description":"Betrachtung und Linderung von traumatischen Geburtserfahrungen","breadcrumb":{"@id":"https:\/\/derwegzudir.org\/index.php\/traumatische-geburten\/#breadcrumb"},"inLanguage":"de","potentialAction":[{"@type":"ReadAction","target":["https:\/\/derwegzudir.org\/index.php\/traumatische-geburten\/"]}]},{"@type":"BreadcrumbList","@id":"https:\/\/derwegzudir.org\/index.php\/traumatische-geburten\/#breadcrumb","itemListElement":[{"@type":"ListItem","position":1,"name":"Startseite","item":"https:\/\/derwegzudir.org\/"},{"@type":"ListItem","position":2,"name":"Betrachtung von traumatischen Geburten"}]},{"@type":"WebSite","@id":"https:\/\/derwegzudir.org\/#website","url":"https:\/\/derwegzudir.org\/","name":"Der Weg zu Dir - Praxis von Detlef Deva Wallow","description":"","publisher":{"@id":"https:\/\/derwegzudir.org\/#organization"},"potentialAction":[{"@type":"SearchAction","target":{"@type":"EntryPoint","urlTemplate":"https:\/\/derwegzudir.org\/?s={search_term_string}"},"query-input":{"@type":"PropertyValueSpecification","valueRequired":true,"valueName":"search_term_string"}}],"inLanguage":"de"},{"@type":"Organization","@id":"https:\/\/derwegzudir.org\/#organization","name":"Der Weg zu Dir - Praxis von Detlef Deva Wallow","url":"https:\/\/derwegzudir.org\/","logo":{"@type":"ImageObject","inLanguage":"de","@id":"https:\/\/derwegzudir.org\/#\/schema\/logo\/image\/","url":"https:\/\/derwegzudir.org\/wp-content\/uploads\/2020\/02\/cropped-3-1.png","contentUrl":"https:\/\/derwegzudir.org\/wp-content\/uploads\/2020\/02\/cropped-3-1.png","width":210,"height":126,"caption":"Der Weg zu Dir - Praxis von Detlef Deva Wallow"},"image":{"@id":"https:\/\/derwegzudir.org\/#\/schema\/logo\/image\/"}}]}},"_links":{"self":[{"href":"https:\/\/derwegzudir.org\/index.php\/wp-json\/wp\/v2\/pages\/365","targetHints":{"allow":["GET"]}}],"collection":[{"href":"https:\/\/derwegzudir.org\/index.php\/wp-json\/wp\/v2\/pages"}],"about":[{"href":"https:\/\/derwegzudir.org\/index.php\/wp-json\/wp\/v2\/types\/page"}],"author":[{"embeddable":true,"href":"https:\/\/derwegzudir.org\/index.php\/wp-json\/wp\/v2\/users\/1"}],"replies":[{"embeddable":true,"href":"https:\/\/derwegzudir.org\/index.php\/wp-json\/wp\/v2\/comments?post=365"}],"version-history":[{"count":10,"href":"https:\/\/derwegzudir.org\/index.php\/wp-json\/wp\/v2\/pages\/365\/revisions"}],"predecessor-version":[{"id":516,"href":"https:\/\/derwegzudir.org\/index.php\/wp-json\/wp\/v2\/pages\/365\/revisions\/516"}],"wp:attachment":[{"href":"https:\/\/derwegzudir.org\/index.php\/wp-json\/wp\/v2\/media?parent=365"}],"curies":[{"name":"wp","href":"https:\/\/api.w.org\/{rel}","templated":true}]}}